2 + 66*p + 299. What is the remainder when l(-5) is divided by 75?
69
Let j = 501 + -308. Calculate the remainder when j is divided by 37.
8
Suppose -7*q = -q - 36. Suppose -2*p = -q*p + 144. What is the remainder when p is divided by 10?
6
Let z(o) = o**2 - 26*o + 19. Let g be z(23). What is the remainder when 3 is divided by (-20)/g*2/(4/5)?
0
Let x = -5 + 27. Let c = x - 13. What is the remainder when c is divided by 5?
4
Suppose 14*o + 4*z = 10*o + 1040, -3*o = -5*z - 780. Calculate the remainder when o is divided by 260.
0
Suppose 4*a = -5*o - 0 + 8, 0 = 5*a + 2*o + 7. Let r(m) = -m**3 - 6*m**2 - 6*m + 7. What is the remainder when r(-6) is divided by a/(60/(-212)) + (-2)/(-5)?
10
Let z(g) = -41*g + 1. Suppose -17 = 878*j - 879*j. Calculate the remainder when z(-2) is divided by j.
15
Suppose -7*o - 111 = -s - 3*o, 5*o + 466 = 4*s. Calculate the remainder when s is divided by 53.
13
Suppose -9*i - 1867 = -6601. What is the remainder when i is divided by 16?
14
Suppose l - 18 = 3*g, 0 = -2*l + 58*g - 55*g + 51. What is the remainder when 923 is divided by l?
32
Suppose 130 = 3*x + l, -x - 3 = 4*l - 50. Let a = -32 - -48. Suppose 28 + a = 4*i. What is the remainder when x is divided by i?
10
Suppose -2*w + 10 = 0, m + 3*w + 7 = 3*m. Calculate the remainder when -39*16/36*-3 is divided by m.
8
Suppose 0 = -10*u + 472 + 1448. Calculate the remainder when u is divided by 15.
12
Suppose 3*s + 5*z = 349, -195*s + 5*z + 595 = -190*s. Let d = 99 - 69. What is the remainder when s is divided by d?
28
Let a = -104 - -146. Suppose 0 = -b - 4*b + 15. Suppose i - 44 = -b*i. What is the remainder when a is divided by i?
9
Let t be (-3)/(-4)*-2 + 61/2. Suppose 0 = -y + 5*k + 85 + t, 450 = 5*y + 5*k. What is the remainder when y is divided by 14?
10
Suppose 3*p - 228 - 45 = 0. Suppose 6*c - 11 = p. What is the remainder when c is divided by 4?
1
Suppose 220 = 5*b - 2*m + 7*m, 0 = -b + 3*m + 40. What is the remainder when 123 is divided by b?
37
Suppose 6063 = 157*i - 28*i. What is the remainder when 121 is divided by i?
27
Suppose -4*x - 5*j + 209 = -192, -4*j = -4*x + 356. Calculate the remainder when x is divided by 16.
14
Suppose -12*y = 10*y - 1100. Calculate the remainder when 288 is divided by y.
38
Suppose 0 = -3*v + s + 262, 2*v = -2*s - s + 182. Calculate the remainder when v is divided by 10.
8
Let x(g) be the first derivative of -g**4/4 - 7*g**3/3 + 3*g**2 - 8*g - 4. Let w be x(-8). Calculate the remainder when 28 is divided by 87/w - (-12)/96.
6
Suppose -24 - 6 = -o. Let h(k) = 22*k + 2. Let v be h(-1). Let x = v - -36. Calculate the remainder when o is divided by x.
14
Suppose z - 11 = -2*o + 66, 0 = 4*z - 3*o - 253. Suppose -z = -14*y + 115. Calculate the remainder when y is divided by 7.
6
Let u be ((-8)/22)/(12/(-66)). Suppose u*o - 34 = -4*l, -3*o = -0*o + l - 26. What is the remainder when (36/42)/(2/42) is divided by o?
4
Suppose -2*m + 86 = 2*y, -123 = -3*y - 3*m + 2*m. Calculate the remainder when y is divided by 11.
7
Let l(h) = -h**2 - 5*h - 3. Let x = 28 - 31. Let b be l(x). Suppose 5*n - 96 = -4*q, -5*n = -n + b*q - 76. What is the remainder when 60 is divided by n?
12
Suppose 185*z = 181*z - 8, -5*m + 2*z = -744. Calculate the remainder when m is divided by 56.
36
Let o = 119 + -21. Suppose 4*z + o = 6*z. Calculate the remainder when z is divided by 17.
15
Calculate the remainder when 331 is divided by -27*(-14)/6*1.
16
What is the remainder when 59 is divided by 60/(-25)*(-100)/15?
11
Let c = -285 - -138. Let h = -101 - c. Suppose -276 = 47*f - 70*f. What is the remainder when h is divided by f?
10
Let n(i) = 12*i**3 + 2*i**2 + i + 8. Calculate the remainder when n(3) is divided by 21.
17
Suppose -3*k + 1950 = 3*b, -2*k + 18*b = 19*b - 1295. What is the remainder when k is divided by 50?
45
Suppose -2 = -5*t + 3. Calculate the remainder when (-1 - -116 - 2) + t is divided by 29.
27
Let c(i) = -7*i - 29. What is the remainder when c(-9) is divided by 8?
2
Let w(j) = -2*j - 5. Let m be w(3). What is the remainder when (m - -12)/((-1)/(-71)) is divided by 25?
21
Let b(a) = 2*a**2 - 4*a - 13. Let x(p) = -p**2 + 5. Let y be x(3). Calculate the remainder when b(y) is divided by 19.
16
Suppose 3*v + g - 205 + 1 = 0, 2*v + 4*g - 146 = 0. Calculate the remainder when 398 is divided by v.
63
Let w = 26 + 14. Let l = 8 - 12. Calculate the remainder when 22 is divided by w/6 + l/6.
4
Let v(a) = 2*a**2 + 8*a + 8. Let g(s) = 2*s + 40. What is the remainder when g(-13) is divided by v(-4)?
6
Let x = -48 + 47. What is the remainder when 251 is divided by (264/(-96))/(((-2)/x)/(-8))?
9
Let h(z) = 2*z**2 - 6*z. Let g be h(4). Let x(v) = -v**2 + 8*v + 7. Calculate the remainder when 19 is divided by x(g).
5
Suppose 5*v + 5*v = 800. What is the remainder when v is divided by 21?
17
Let n = 978 - 867. Calculate the remainder when n is divided by 7.
6
Suppose 3*o - 6*g + 5*g = 192, 256 = 4*o - 5*g. What is the remainder when o is divided by 23?
18
Suppose -22 = -d - 2*p, -5*d = p + 54 - 182. Suppose 5*q - 34 = d. Calculate the remainder when (1 - -20)*(-4)/(3 - 7) is divided by q.
9
What is the remainder when 18/27 + (4 - (-37)/3) is divided by (2 + 7/(-2))*-6?
8
Let p(h) = -2*h**2 - 58*h + 27. Calculate the remainder when p(-28) is divided by 16.
3
Let f = -412 - -429. Let w = 18 + -9. What is the remainder when f is divided by w?
8
Let d = 849 + -647. What is the remainder when d is divided by 71?
60
Suppose 5*c - 5*f + 38 = -52, 5*c = -2*f - 76. Let b(x) = x**3 + 15*x**2 - 18*x + 1. Calculate the remainder when 129 is divided by b(c).
30
Let s = -6 + 12. Let p(u) = 3*u**2 + 6*u + 2. Let c be p(-2). Suppose 3*v = -3*r + 60, -c*r - 24 = -5*v + 3*v. Calculate the remainder when v is divided by s.
4
Let q be (-50)/(-175) + (-75)/(-7). Let a = -1 + q. Let s = 72 + -44. Calculate the remainder when s is divided by a.
8
Suppose -4*j + 3*p + 29 = 0, -4*j - 6*p + 10*p = -24. What is the remainder when 988 is divided by j?
9
Let w = 203 + -135. Let s = w + -57. What is the remainder when 42 is divided by s?
9
Let c(k) = -k + 19. Let v be c(12). What is the remainder when 61 is divided by (-1 + 8 + -6)*3*v?
19
Calculate the remainder when (484/(-33) + 4)/(2/(-15)) is divided by 37.
6
Suppose 4*v - 43 = 3*i, 5*v - 4*i - 15 = -8*i. Let p = 207 + -79. Suppose 2*a + 128 = 6*a - j, -p = -4*a - j. What is the remainder when a is divided by v?
4
Let g = 98 + -94. Suppose -4*l - 14 = -6, g*l = 2*z - 18. Calculate the remainder when 32 is divided by z.
2
Suppose t - 2*w = 169, 74 = 2*t - w - 255. Calculate the remainder when t is divided by 35.
23
Let q be (-3)/((-415)/100 + 4). What is the remainder when 130 is divided by 299/9 - q/90?
31
Suppose 102 - 323 = -4*d + b, -2*d = 5*b - 127. Calculate the remainder when 221 is divided by d.
53
Suppose -l = -5*v - 26, -3 - 21 = 2*v + 3*l. Suppose -4*z = -2*z - 10. What is the remainder when 12 is divided by (z - 2)*(-4)/v?
0
Let b = 171 - -190. What is the remainder when b is divided by 33?
31
Let w be (7 + -1)*2/4. Suppose 2*l = w*l - 86. Calculate the remainder when l is divided by 29.
28
Let g(z) = -z**3 + 5*z**2 - 3*z - 5. Let v be g(4). What is the remainder when 38 is divided by ((-2 - v) + -1)*(-13)/2?
12
Let y = 2 - 9. Let h(j) = -j - 5. Let o be h(y). Suppose o*a - 7 - 13 = 0. What is the remainder when 29 is divided by a?
9
Suppose 20 = 11*p - 7*p. Suppose 0 = -3*v - p*x + 3, -x + 2*x = -4*v + 4. What is the remainder when 1 is divided by v?
0
Let g(a) = a**3 - a**2 - 7*a + 2. Suppose -7*i + 23 + 5 = 0. Calculate the remainder when g(i) is divided by 13.
9
Suppose 17*q - 14*q = 108. Calculate the remainder when q is divided by 13.
10
Suppose -5*i + 88 - 282 = -2*o, 5*o - 508 = i. Calculate the remainder when o is divided by 8.
6
Suppose 41 - 51 = 2*a. Let v = 7 + a. Suppose v*n - 36 = -4*n. Calculate the remainder when 11 is divided by n.
5
Let d = -378 - -408. What is the remainder when 172 is divided by d?
22
Let v = 32 - 23. What is the remainder when v is divided by (2/7)/(39/546)?
1
Let z = 8 - 9. Let y(w) = 4*w + 5. What is the remainder when y(z) is divided by 1?
0
What is the remainder when 30 is divided by 11/((30/45)/((-4)/(-6)))?
8
Let y(r) = -r**3 - 25*r**2 + 24*r - 36. Let v be y(-26). Suppose -